4 (base 9) in base 10?
859
Convert 124434 (base 5) to base 9.
6758
What is 22112220 (base 3) in base 8?
14132
2432 (base 10) to base 16
980
Convert -1162 (base 9) to base 10.
-866
Convert -111101101011 (base 2) to base 13.
-1a48
What is -12132301 (base 4) in base 16?
-67b1
What is -bdba (base 16) in base 2?
-1011110110111010
1a96 (base 16) to base 14
26a2
What is 20876 (base 10) in base 7?
114602
Convert 34535 (base 8) to base 15.
4540
Convert 366a (base 11) to base 10.
4795
What is -1132 (base 6) in base 2?
-100010000
Convert 14376 (base 9) to base 16.
263d
-323 (base 5) to base 14
-64
What is -1614 (base 7) in base 3?
-220000
What is 417 (base 12) in base 7?
1510
What is -126 (base 12) in base 8?
-256
What is -541 (base 11) in base 4?
-22022
Convert 1001001011 (base 2) to base 9.
722
Convert -20113 (base 4) to base 12.
-387
What is 2144 (base 6) in base 5?
3441
Convert -14262 (base 7) to base 6.
-30043
Convert -311311 (base 4) to base 13.
-1750
-114320 (base 5) to base 16
-10ef
Convert 563 (base 10) to base 6.
2335
What is 123d (base 16) in base 3?
20101221
Convert -286 (base 15) to base 14.
-2d2
1421 (base 7) to base 8
1052
-1101001111010110 (base 2) to base 5
-3213410
What is 443110 (base 5) in base 15?
4870
-112010 (base 3) to base 15
-1a6
-49794 (base 11) to base 7
-415302
Convert -4730 (base 11) to base 4.
-1200330
a15 (base 14) to base 8
3673
-396 (base 15) to base 10
-816
What is 8b8 (base 13) in base 14?
795
Convert 55c (base 14) to base 8.
2046
278 (base 12) to base 11
316
-17b42 (base 15) to base 3
-10220022222
Convert 3031 (base 5) to base 2.
110000111
What is 1253 (base 12) in base 4?
200133
What is 3ec5 (base 16) in base 6?
202221
What is -8b (base 16) in base 3?
-12011
100011111000011 (base 2) to base 7
104363
Convert 3201 (base 14) to base 13.
3c06
-20404 (base 5) to base 4
-111022
2498 (base 15) to base 16
1e71
What is -99d (base 14) in base 9?
-2544
223003 (base 5) to base 2
1111011000110
Convert 378 (base 15) to base 5.
11123
-2405 (base 11) to base 10
-3151
What is -4a2 (base 12) in base 13?
-419
5666 (base 12) to base 16
256e
Convert -25587 (base 9) to base 5.
-1023001
What is 664 (base 10) in base 3?
220121
What is -b489 (base 12) in base 14?
-7265
What is -110111100 (base 2) in base 8?
-674
-21888 (base 9) to base 15
-44be
-123a (base 14) to base 15
-e28
What is -13838 (base 9) in base 10?
-9431
Convert 16154 (base 7) to base 11.
3464
-600 (base 8) to base 5
-3014
10314 (base 5) to base 6
3141
Convert -352 (base 9) to base 4.
-10202
Convert -512 (base 9) to base 2.
-110100000
Convert 115607 (base 8) to base 15.
bbe5
-10200201 (base 3) to base 15
-be7
What is 64aa (base 12) in base 14?
4070
-14404 (base 6) to base 2
-100100000100
Convert 524344 (base 6) to base 9.
64231
Convert 185a3 (base 12) to base 15.
a753
Convert -1445 (base 7) to base 15.
-282
What is 12020 (base 4) in base 13?
242
What is 278 (base 14) in base 4?
13302
What is 141b (base 15) in base 6?
31525
Convert -310 (base 6) to base 5.
-424
13a (base 12) to base 7
361
4d3 (base 14) to base 7
2553
Convert 1001000101 (base 2) to base 5.
4311
Convert -11001000 (base 2) to base 15.
-d5
What is 1111101 (base 2) in base 8?
175
Convert -201212202 (base 3) to base 11.
-a985
Convert 250 (base 11) to base 6.
1213
1079 (base 11) to base 13
850
What is -2353 (base 14) in base 7?
-23633
Convert -43114 (base 5) to base 14.
-10bb
-10313 (base 4) to base 3
-102112
Convert 22101 (base 5) to base 15.
6bb
66b4 (base 13) to base 2
11100000000111
-904 (base 13) to base 10
-1525
What is -65501 (base 8) in base 5?
-1334312
Convert 3426 (base 7) to base 9.
1633
What is -3001 (base 7) in base 9?
-1364
Convert -200210221 (base 3) to base 4.
-3112102
-10a (base 13) to base 3
-20122
Convert -3561 (base 15) to base 9.
-16501
Convert -11011111110000 (base 2) to base 14.
-530c
What is -1221 (base 11) in base 10?
-1596
Convert 101111000 (base 2) to base 3.
111221
What is -2927 (base 13) in base 14?
-224c
-64253 (base 7) to base 10
-15914
What is 3bf (base 16) in base 3?
1022112
-220012 (base 3) to base 11
-544
What is 255b (base 13) in base 12?
30ab
Convert 1001100100 (base 2) to base 8.
1144
Convert 10263 (base 7) to base 14.
cda
Convert 1333200 (base 5) to base 12.
13970
What is -6a (base 12) in base 5?
-312
5a (base 15) to base 7
151
Convert 19203 (base 10) to base 8.
45403
Convert -22101 (base 3) to base 15.
-101
What is 686 (base 11) in base 14?
428
What is 5bb5 (base 13) in base 12?
7628
Convert -21412 (base 5) to base 16.
-5ca
-3c8 (base 16) to base 11
-800
Convert -1b3 (base 13) to base 8.
-473
21041 (base 5) to base 9
1821
301331 (base 4) to base 10
3197
Convert -2103203 (base 4) to base 8.
-22343
What is 2020201 (base 3) in base 2?
11001100111
44240 (base 5) to base 12
193a
268 (base 9) to base 12
168
What is 1515 (base 7) in base 5?
4400
Convert 5305 (base 8) to base 4.
223011
Convert -163366 (base 7) to base 16.
-7eb5
What is a35 (base 11) in base 8?
2340
What is 100001 (base 2) in base 10?
33
476 (base 11) to base 5
4232
1458 (base 10) to base 14
762
What is 881 (base 10) in base 6?
4025
What is -1110100111010 (base 2) in base 6?
-54350
What is 32d4 (base 14) in base 6?
104442
What is -20606 (base 9) in base 3?
-200200020
What is 2053 (base 8) in base 6?
4535
-10010200 (base 3) to base 5
-33121
110112 (base 4) to base 15
5bc
What is -503 (base 9) in base 15?
-1c3
Convert -896 (base 14) to base 16.
-6a4
What is 21635 (base 10) in base 14?
7c55
1764 (base 12) to base 2
101011111100
3023413 (base 5) to base 11
3357a
-25686 (base 9) to base 3
-212202220
-1331030 (base 4) to base 5
-224022
Convert 202022 (base 3) to base 16.
224
Convert -1011101100000 (base 2) to base 8.
-13540
What is -552 (base 9) in base 3?
-121202
Convert 300 (base 12) to base 4.
12300
Convert 1f7 (base 16) to base 13.
2c9
Convert -20200213 (base 4) to base 12.
-18207
333133 (base 4) to base 16
fdf
What is -131234 (base 8) in base 12?
-22564
Convert -30912 (base 11) to base 8.
-127741
What is 3264 (base 10) in base 9?
4426
-41400 (base 5) to base 14
-dc9
a81 (base 14) to base 16
819
What is 8e3 (base 15) in base 11?
1570
Convert -1372 (base 13) to base 12.
-1751
Convert -1541 (base 9) to base 3.
-1121101
2194 (base 13) to base 10
4684
Convert -b06 (base 15) to base 11.
-1956
Convert -12364 (base 11) to base 9.
-26286
10000001110001 (base 2) to base 6
102241
Convert -721 (base 12) to base 16.
-409
What is -10992 (base 13) in base 15?
-8e36
What is 348 (base 14) in base 16?
28c
What is 4bd9 (base 16) in base 5?
1110132
2109 (base 11) to base 6
20532
Convert -13311210 (base 4) to base 14.
-b9ac
-11011110101001 (base 2) to base 6
-145545
Convert -215443 (base 6) to base 11.
-12664
Convert -1ed (base 15) to base 9.
-547
4ad (base 15) to base 3
1110101
What is -1002102001 (base 3) in base 8?
-51677
What is -4230 (base 6) in base 14?
-4c2
5 (base 6) to base 12
5
What is 3223 (base 5) in base 7?
1164
Convert -3370 (base 14) to base 12.
-51b2
Convert -4bab (base 12) to base 15.
-2852
What is 704 (base 9) in base 11?
47a
What is 31112 (base 7) in base 6?
55112
Convert -20004 (base 10) to base 6.
-232340
-276 (base 10) to base 8
-424
Convert 110000110 (base 3) to base 8.
21070
Convert -619 (base 10) to base 5.
-4434
Convert -9568 (base 12) to base 10.
-16352
What is 5656 (base 8) in base 3?
11002202
3004 (base 5) to base 15
1a4
243373 (base 8) to base 4
110123323
Convert -42b0 (base 12) to base 11.
-5566
What is -13322103 (base 4) in base 7?
-163320
Convert 4dd (base 15) to base 7.
3142
4d (base 14) to base 13
54
What is -103322 (base 6) in base 2?
-10000101100010
-246001 (base 7) to base 13
-177bb
Convert -2356 (base 14) to base 15.
-1c52
Convert c81 (base 15) to base 2.
101100000101
-1589 (base 10) to base 5
-22324
What is 1245 (base 7) in base 11?
3a1
Convert 1a3 (base 11) to base 3.
22200
Convert -111110001010 (base 2) to base 8.
-7612
1148 (base 12) to base 4
132020
What is 9527 (base 10) in base 13?
444b
Convert -232322 (base 4) to base 11.
-228a
974c (base 14) to base 7
136125
Convert 1413 (base 10) to base 13.
849
What is -1111023 (base 4) in base 7?
-21615
-24120 (base 5) to base 2
-11011111001
What is c1c (base 15) in base 13?
131a
Convert -32407 (base 11) to base 5.
-3001301
-380 (base 12) to base 8
-1020
2